v.
2, 13, 43
Suppose -c + 2*c - 5*d = 330, 3*c = 3*d + 942. Suppose 8*q + c = 13*q. What are the prime factors of q?
2, 31
Suppose -2*h = -4*h + 4*m - 18, 2*h - 2*m + 14 = 0. Let t(g) = 0*g + 5*g**2 - 2 - 4*g**2 + g + 10. What are the prime factors of t(h)?
2, 7
Let l be 1 + (1 - 2) + -1 + 3. Suppose -l*w = -10*w + 544. What are the prime factors of w?
2, 17
Let f(o) be the first derivative of o**4/2 + 2*o**3/3 + o - 2. Let u be (1/2)/((-1)/(-4)). List the prime factors of f(u).
5
Let h(a) = 8*a + 10. Suppose 0 = 18*q - 4*q - 112. What are the prime factors of h(q)?
2, 37
Suppose 0 = -5*h + 5, -14*k + 10*k + h + 19191 = 0. What are the prime factors of k?
2, 2399
Suppose 830 = 2*o + 64. List the prime factors of o.
383
Suppose -h - 23 = -0*r - 3*r, -3*r + 5*h + 43 = 0. Let v be ((-6)/r)/(1/11). Let q(k) = -k**2 - 13*k - 5. What are the prime factors of q(v)?
17
Suppose 7*w - 6*w - 3*g = 973, -3883 = -4*w + 3*g. List the prime factors of w.
2, 5, 97
Let h(n) = 23*n - 61. What are the prime factors of h(29)?
2, 3, 101
Let k = -19 + 6. Let n = k - -18. Suppose 8*l = n*l + 135. List the prime factors of l.
3, 5
Suppose -7*w + 98 + 28 = 0. Suppose g + g = -w. Let f = g - -67. List the prime factors of f.
2, 29
Let b(n) = n**3 - 5*n**2 + 4*n - 3. Let q be b(4). Let m(x) = x**3 + 4*x**2 - 2. Let h be m(q). Let k = h - -3. What are the prime factors of k?
2, 5
Let s(h) = 8*h + 21. Let w be s(-12). Let o = 0 - w. List the prime factors of o.
3, 5
Let x = 46 + -7. Let t be (-45)/x + 4/26. What are the prime factors of 5/t*(3 - 7)?
2, 5
Let o(s) = 4*s**2 - 4*s - 4. Let y be o(-2). List the prime factors of 435/y*(-8)/(-3).
2, 29
Let d = 1696 + 1971. List the prime factors of d.
19, 193
What are the prime factors of (-3 + 0)/(36/(-924))?
7, 11
Let b(g) = 17*g**2 + 2*g**2 - 7*g**2 + 4*g - g**3 - 4*g**2 + 14. List the prime factors of b(8).
2, 23
Let i(x) = 6*x + 2. Let y be i(4). Suppose 3*p - 3*b - 73 = y, -p - 3*b = -45. List the prime factors of p.
2, 3
Let f(w) = w**3 + 8*w**2 - 8*w - 12. Let h be f(-7). Let s be (-2 + 1)/((-3)/12). Suppose -s*p + p = -h. What are the prime factors of p?
31
Suppose -5*n - w = -49, -n + 24 = 3*n - 3*w. Suppose 6 = 2*y - 0*y. Suppose -60 = -y*t + n. What are the prime factors of t?
23
Suppose 8614 = -13*r + 41283. List the prime factors of r.
7, 359
Let y(n) = 3*n**3 - 12*n**2 + 9*n + 7. Let z(g) = 4*g**3 - 13*g**2 + 8*g + 8. Let u(s) = 3*y(s) - 2*z(s). List the prime factors of u(10).
5, 23
Suppose 0 = -4*m + 5*u - 282 + 3694, -4*m - 4*u + 3448 = 0. What are the prime factors of m?
2, 3, 11, 13
Suppose 4*y + 5*a = 755 - 195, a + 420 = 3*y. Suppose 4*v + y = -v. What are the prime factors of 9/((-1)/v*4)?
3, 7
Let k = -68 + 249. Suppose 11*w - k - 259 = 0. List the prime factors of w.
2, 5
Suppose -3*h = g - 6*g - 514, 2*h - 511 = 5*g. Let s = -63 - g. What are the prime factors of s + 14 + -4 + 1?
7
Let x = -197 + 178. Let p = 154 + -218. Let w = x - p. List the prime factors of w.
3, 5
Suppose w = 3*a - w + 30, 0 = 4*a + w + 29. Let l(h) = 5*h - 17. Let o be l(a). Let b = -34 - o. What are the prime factors of b?
23
Suppose -5097 = -9*h - 624. What are the prime factors of h?
7, 71
Let x = 3 - 0. Suppose 0 = 2*y + 3*d + 10, -3*y - 19 = x*d - 1. List the prime factors of (-224)/y + 2*2.
2
Let k(b) be the second derivative of -3*b**5/20 - b**4/12 - 6*b. List the prime factors of k(-1).
2
Let m = -32 + 17. List the prime factors of 11/((-3)/m - 0).
5, 11
Suppose 3*j + 41 = -616. Let a = j - -355. What are the prime factors of a?
2, 17
Suppose -w - w = 0. Suppose w = 3*u - q - 144, 5*u - 2*q - 236 = q. What are the prime factors of u?
7
Suppose 9 = -3*z - 36. What are the prime factors of (1 - -124)/(-3*5/z)?
5
Suppose -4*g + 8 = -3*q + 7*q, 2*g = -5*q + 10. Let u = g + 2. Suppose -u*b - 56 = -4*b. What are the prime factors of b?
2, 7
Let x(j) = 2*j - 6. Let d be x(0). Let o(m) = m**3 + 12*m**2 + 2*m - 13. What are the prime factors of o(d)?
191
Let d = -71 + 112. What are the prime factors of d/((-1)/(-7) - (-4)/21)?
3, 41
Let b(c) = 6*c**2 + 2. Let t(d) = -7*d - 3. Let g be t(-4). Suppose -5*a - 11 = -2*i - g, 0 = -5*a + 10. List the prime factors of b(i).
2, 13
Suppose 2 = -z + 1, -14 = -t - z. List the prime factors of 4/(-6) + (13090/t)/7.
2, 31
Let g = -19 - -22. Suppose 0*q - g = -3*q. What are the prime factors of q/(-5) + 126/5?
5
Let v = -40 + 42. Suppose -v*w + 176 = -90. List the prime factors of w.
7, 19
Let p(n) = -n + 1. Let j(b) = 6*b + 4. Let h(m) = j(m) + 5*p(m). What are the prime factors of h(-2)?
7
Let t(y) = 3*y - 1. Let i be t(1). Suppose -k + i*q + 192 - 17 = 0, 3*k + 5*q - 514 = 0. What are the prime factors of k?
173
Let x be 5 - 3/9*3. Suppose -w - 262 = -x*w + 2*j, -2*w + 166 = 3*j. Suppose -w = -3*q + 94. What are the prime factors of q?
2, 3, 5
Let r = 2912 - 1690. What are the prime factors of r?
2, 13, 47
Let x(u) = -u**3 + 7*u**2 + 4*u - 9. Let k(i) = -2*i**3 + 8*i**2 - 5*i + 4. Let q be k(3). List the prime factors of x(q).
19
Let w(r) = -r**2 - 2*r + 1. Let a be w(-3). List the prime factors of -3 + (75 - (8 + -4)/a).
2, 37
Suppose -53 = -2*t - 47. Suppose t*u = 2*k - 179, -112 = k - 2*k - 3*u. What are the prime factors of k?
97
Let d be (-2)/(-4)*(-50 - 20/5). List the prime factors of (d - -1)*(2 - 10/4).
13
Let s(b) = 6*b. Let m be s(2). Let t be (-3)/(-12) - (-105)/m. Let o = 21 - t. What are the prime factors of o?
2, 3
What are the prime factors of (1 + -4 - 3099)*(18 - 19)?
2, 3, 11, 47
What are the prime factors of 458/4*(7 - 5)?
229
Let b = -176 + 435. Suppose 9*z + 2*k - 391 = 6*z, 0 = 2*z + 3*k - b. What are the prime factors of z?
131
Suppose 4*f - 16 = 32. List the prime factors of 57/f*4 + -1*1.
2, 3
Suppose -48 = -6*w - 6*w. Suppose 0 = 3*u - z - 11 - 5, -w*z - 28 = -3*u. List the prime factors of u.
2
Suppose -8*r + 9*r - 52 = 0. Suppose -12 = q - r. List the prime factors of q.
2, 5
Suppose 3006 = 5*g - 3*p, -5*g - 596 = -6*g - 2*p. List the prime factors of g.
2, 3, 5
Let z(p) = p**3 - 8*p**2 - 6*p + 6. Let u = 35 + -26. List the prime factors of z(u).
3, 11
Let t = -51 + 89. Suppose 7*o - 8*o + 55 = 0. Let f = o - t. List the prime factors of f.
17
Let w = 35 - 13. Suppose 20*s - w*s + 16 = 0. What are the prime factors of s?
2
Let o = -1 + -2. Let b(l) = -3*l - 3. Let r be b(o). Let a(j) = 2*j + 3. What are the prime factors of a(r)?
3, 5
Let i = 1180 + -666. List the prime factors of i.
2, 257
Suppose -2*u - 21*c + 4266 = -16*c, 4*u - 8560 = 4*c. What are the prime factors of u?
2, 1069
Let k(w) = 39*w**2 - 7*w - 71. What are the prime factors of k(7)?
3, 199
Let l be -85 - -10 - (1 - -1). Let y = -33 + l. What are the prime factors of 2/(-6) + y/(-15)?
7
Let k be (12/(-8))/((-3)/14). Suppose 50 = k*d - 6. Suppose -d = -s + 25. List the prime factors of s.
3, 11
Let u(g) = 2*g**2 + 3*g + 16. Let f be u(-7). Let y = -87 + f. What are the prime factors of y?
2, 3
Let c = 20 - 20. Suppose c = i + 5*i - 18. Suppose i*p - 3*s = 42, -5*p + p - 4*s = -32. List the prime factors of p.
11
Let k(r) = 4*r + 4*r + 4*r + 7. List the prime factors of k(4).
5, 11
Let n(u) = 9*u + 1. Let l = 9 + -3. Let g be n(l). Suppose -3*s + 41 = -g. What are the prime factors of s?
2
Let o be 3 - (-204)/(-8)*-2. Let i = o + -25. List the prime factors of i.
29
Suppose 2*p + 2 = -l, -2*p - 1 = 4*l + 1. Suppose -4*n + l*n - 4 = 0. What are the prime factors of (1 - (-5 + n))*1?
7
Suppose -2*o - 2 = -3*o. Suppose j = 3*h - 293, -3*h + o*j + 429 = 140. What are the prime factors of h?
3, 11
Let s = 1810 + -1062. What are the prime factors of s?
2, 11, 17
Let n(q) = -q - 3. Let p be (-10)/4*(-108)/(-30). Let w be n(p). Suppose 2*z = w*z - 100. List the prime factors of z.
5
Let x(s) = -3*s**2 + 5*s + 6. Let p be x(-3). List the prime factors of (p/7)/((-13)/91).
2, 3
Suppose 5*m - 2*p = 357 + 130, p - 301 = -3*m. What are the prime factors of m?
3, 11
Let r be 4/(-28)*-2 + 90/(-21). List the prime factors of 2*(r/1 + 90).
2, 43
Suppose 564 = -155*f + 161*f. What are the prime factors of f?
2, 47
Suppose -266 = 20*v - 5366. What are the prime factors of v?
3, 5, 17
Suppose 4*y + 3*g - 41 = 0, 3*y + 2*y + 3*g - 49 = 0. Let c(t) = t + 3. Let a be c(0). Suppose -a*d + d + 22 = -x, -4*x = y. List t